of 0*q + 0 - 23*q**2 + 5/2*q**3 - 1/12*q**4. What are the prime factors of m(-5)?
5
Let p(f) = f**3 - 7*f**2 + 2*f - 17. Let o be p(7). What are the prime factors of 219/1 - (o - -3)/(-8)?
3, 73
Let i(y) = 186*y**3 + 2*y**2 - 75*y + 380. What are the prime factors of i(5)?
5, 59, 79
Let p be -2 + 1 + (1 + 8919)/5. Let v = p + -937. List the prime factors of v.
2, 3, 47
Let u be (-2 + 2)/(3 + -1). Suppose -2*w = -u*w - 78. What are the prime factors of w?
3, 13
Suppose 6250256 = 274*o - 48*o. What are the prime factors of o?
2, 3457
Let w = -91 + 86. Let r(m) = 5*m**2 - 16*m - 4. Let p be r(w). Suppose -p - 447 = -9*j. What are the prime factors of j?
2, 3
Suppose -9*p + 39 = -6. Suppose p*w = -2*i - 0*i + 101, 5*i - 3*w - 299 = 0. What are the prime factors of i?
2, 29
Let l(b) = -b. Let n(g) = -g**2 + 6*g + 45. Let c(j) = 5*l(j) + n(j). Let v be c(-9). Let o = v - -58. List the prime factors of o.
13
Let z be 41 + -6 - ((-4)/2 + 3). Suppose -z*c + 226 = -33*c. List the prime factors of c.
2, 113
Suppose -10*h = 207 - 267. Let g be 0*(-3 + 2)/1. List the prime factors of h/(-2) - ((5 - 62) + g).
2, 3
Let r(l) = -6*l + 157. Let c be r(25). Suppose 0 = -c*p + 3863 + 1184. List the prime factors of p.
7, 103
Let u be 2/8 - -2*(-153234)/(-48). Suppose -5*g - u = -5*i, -13*i + 8*i - 2*g + 6357 = 0. What are the prime factors of i?
19, 67
Let o be (1/(-3)*10)/(6/27). Let z(n) = -n**2 - 16*n - 16. Let u be z(o). List the prime factors of 3/(1/2 - u) - -148.
2, 3, 5
Let a = 182 + -160. Let i(h) = -h**3 + 21*h**2 + 22*h + 27. List the prime factors of i(a).
3
Let j(h) = -h**3 - 4*h**2 - h + 23. Suppose -3*t - m = -2*t - 5, 2*t = -4*m + 10. Suppose -x - 2*z = 12, t*x - 3*z + 3 = 3*x. List the prime factors of j(x).
101
Let f be (-4 + 2/2)/((-3)/(-2)). Let u be 2/f*((-1 - -4) + -3). Suppose -5*z + 2*c = 17 - 97, -5*c = u. What are the prime factors of z?
2
Let z(o) = -836*o - 1352. List the prime factors of z(-5).
2, 7, 101
Suppose -x = -3*x - 5*z - 23, 0 = -3*x + 5*z + 28. Let q be (-170)/1 + x/7*7. List the prime factors of (-8)/32 - q/4.
2, 3, 7
Suppose -530 - 1002 = -2*l. Let a = 1086 - l. What are the prime factors of a?
2, 5
Let n = 30888 - -5892. List the prime factors of n.
2, 3, 5, 613
Let b = 90720 + -61195. List the prime factors of b.
5, 1181
Let c = 43 - 28. Let q = -25 + c. List the prime factors of q/15 + ((-420)/(-9))/1.
2, 23
Suppose 3*y = 4*a - a - 6450, -2*a + 3*y + 4298 = 0. What are the prime factors of (1*a)/(2/1)?
2, 269
Suppose 99790 - 31449 = 13*g. What are the prime factors of g?
7, 751
Let q = -12607 - -25012. What are the prime factors of q?
3, 5, 827
Let b(s) = 3*s**3 - s**2 + s + 2. Suppose -p = -7*p + 60. Suppose 2*c - p = -6. What are the prime factors of b(c)?
2, 3
List the prime factors of ((-466020)/(-162))/((-10)/(-36)).
2, 3, 863
Let v(t) = 257*t - 131*t + 11 - 129*t. Let k(o) = -2*o**2 + 2*o + 4. Let d be k(3). What are the prime factors of v(d)?
5, 7
Let u(l) = 3*l**2 - 32*l + 26. Let k(o) = -o + 24. Let h be k(12). Let y be u(h). Let z = 30 + y. What are the prime factors of z?
2, 13
Let q(y) = -9*y**2 - 27*y - 26. Let u be q(-1). List the prime factors of ((-33)/(-15) + 3)/(u/(-1360)).
2, 13, 17
Let b be (-8)/6*33/22. Let g be b*-10*(-51)/(-12). List the prime factors of (0 + g)*4/10.
2, 17
Let k be 213*((-25)/(-5) + -4). Let c(g) = 7*g**2 + k*g - 5 - 194*g + g**2. List the prime factors of c(-4).
47
Let n(v) = 10*v**2 + 2*v - 25. Let h be n(13). Suppose -3*a + h = 410. Suppose 2 = 5*t - 6*t, a = 5*z - t. List the prime factors of z.
5, 17
Let j = -2096 - -3253. Let t be -1 + (0 - -3) - 28. List the prime factors of (-1)/(-2) - j/t.
3, 5
Let u = 1 + -1. Suppose 0 = 222*z - 249*z + 33291. Suppose u = 20*t - z + 293. What are the prime factors of t?
47
Suppose g + 92357 = 4*m, 101*g = 102*g + 5. List the prime factors of m.
2, 3, 13, 37
Let y = -2 + -4. Suppose 0 = 5*b - 3*b + 34. Let j = y - b. What are the prime factors of j?
11
Let q(m) = 18*m**3 + 23*m**2 - 21*m + 100. List the prime factors of q(10).
2, 3, 5, 673
Suppose 2*q - 3*p = 1676, 0 = -3*q + 3*p + 3352 - 841. What are the prime factors of q?
5, 167
Let l = -15662 - -36540. What are the prime factors of l?
2, 11, 13, 73
Let n(a) = -40*a - 165. List the prime factors of n(-78).
3, 5, 197
Suppose -5*w + 44800 = 4*v - 7*w, 0 = -4*w - 16. Suppose h - v = -21*h. List the prime factors of h.
509
Suppose 6*j - 195 = 291. Let m be (-2 - (-1 + -3))*j. Suppose -m = 4*w - 7*w. What are the prime factors of w?
2, 3
Suppose -25*w - 377188 = -96*w + 33*w. What are the prime factors of w?
2, 7, 709
Suppose -336 = s - 15*s. Suppose 5*t = -3*h + 2545, s*h - 5*t = 19*h + 4215. What are the prime factors of h?
5, 13
Let l(o) = o**3 + 17*o**2 + 28*o + 19. Let n be (-2)/2 - (-5 + 3/3). Let f be 0 + 0 + -18 + n. What are the prime factors of l(f)?
7
Let o(h) = 66*h**3 + 14*h**2 - 11*h + 54. List the prime factors of o(6).
2, 3, 1229
Let j = -110 + 158. Let u = j - 49. List the prime factors of (18/12)/(u/(-4)*2).
3
List the prime factors of 40/(-100) + (-678218)/(-45) + (-10)/90.
7, 2153
Let n be 19 - -1 - (-1 + 1). Let o = 99 + n. Let f = o + -20. What are the prime factors of f?
3, 11
Let u = -2927 - -10672. List the prime factors of u.
5, 1549
List the prime factors of 1866912/56 - 24/(-84).
2, 79, 211
Let n be (8/18)/((-6)/(-27)). Suppose -n*h + 12 - 2 = 0. Let v(k) = 29*k. List the prime factors of v(h).
5, 29
Let r(c) = -2*c**2 + 3*c - 17. Let n(d) = -2*d - 1. Let y(u) = 4*n(u) - r(u). List the prime factors of y(-16).
701
What are the prime factors of (-1 + -2 + (-23)/(-2))/((-54)/(-70092))?
11, 17, 59
Let l(d) = -d**3 - 7*d**2 - 2*d - 2. Let i be (2/4*-1)/((-5)/(-50)). Let c be l(i). Let m = c - -103. List the prime factors of m.
61
Let o = -16661 - -20993. List the prime factors of o.
2, 3, 19
Let p = 3426 + 864. List the prime factors of p.
2, 3, 5, 11, 13
Let u = 49 - 35. Suppose -d - 4*a = -1 + 8, -2*d - u = -2*a. List the prime factors of (14/d)/((-4)/486).
3
Let d = -631 + 651. Let w = d - -735. List the prime factors of w.
5, 151
Suppose 4*m = -5*m - 5373. Let s = m - -799. List the prime factors of s.
2, 101
Suppose -3*r - 4*b = -1595, 0 = -r - 2*b + 3*b + 534. Suppose t + 6 = 3*t. Suppose -r = -5*j - 4*u, -j + t*u + 78 + 40 = 0. List the prime factors of j.
109
Suppose 54*i = -159*i + 2390073. List the prime factors of i.
7, 229
Suppose 2*h - 11*m = -14*m + 28032, -3*h = m - 42069. What are the prime factors of h?
3, 5, 11, 17
Let r be (18/15)/((-6)/(-40)). Suppose -r - 7 = 5*v. What are the prime factors of 3 - (3 - v) - -56?
53
Let h(s) = 109*s - 3. Suppose 4*n + 5*t - 233 = 0, 0 = -2*n + 4*n - 3*t - 89. Let r = n + -51. What are the prime factors of h(r)?
2, 53
Let x = -302 - -299. What are the prime factors of x - (-1526 + 2 - -5)?
2, 379
List the prime factors of 63/(-1260) - 1925405/(-100).
2, 3, 3209
Let s be (71/1)/(5 + -4). Suppose 9093 = s*i - 64*i. What are the prime factors of i?
3, 433
Let j = 70 - 70. Suppose -12*a + 277 + 131 = j. Suppose -4*o = -a - 18. List the prime factors of o.
13
Let k(u) = -27*u + 6. Let w be k(-6). Let o = w - -59. Let d = 510 - o. What are the prime factors of d?
283
List the prime factors of ((-468645)/140 - (-39)/182)*-20.
3, 5, 4463
Suppose -4*g + 4 = 0, -n + 16 = -4*g + 9*g. Let x(u) = u**3 - 10*u**2 + 18*u + 26. List the prime factors of x(n).
3, 5, 23
Suppose 3*y = -4*q + 116 + 368, 3*q + 519 = 3*y. List the prime factors of y/(-126)*1011/(-2).
2, 337
List the prime factors of (-22)/(-4)*(-4 - (-8)/(-12)*-4683).
11, 1559
Suppose -3*s = 3*n, 4*n - 18 = 3*s - 4. Suppose -4*w = 2*t - 3326, n*t - 3329 = -4*w - 3*t. What are the prime factors of w?
3, 277
Let a(f) = 4*f**2 - 23 - 4*f + 18 - 6 - 6*f. List the prime factors of a(-5).
139
Suppose 103*o = 149*o - 358892. What are the prime factors of o?
2, 47, 83
Let u(c) = 1 + c**2 + 107 + 23*c - 11 + 59. List the prime factors of u(-45).
2, 3, 191
Suppose -4*w + 704 + 3976 = -4*x, -3 = -3*x. What are the prime factors of w?
1171
Suppose 0 = 4*a - 5*a + 22. Suppose -17*z + a*z = -20. List the prime factors of z + (0 - (-136)/4).
2, 3, 5
List the prime factors of (1272/2120)/(6/7010).
701
Suppose 37723 + 22428 = o + 6548. List the prime factors of o.
11, 443
Let v be